{"id":841,"date":"2026-02-16T05:00:01","date_gmt":"2026-02-16T05:00:01","guid":{"rendered":"http:\/\/www.lra-sm.de\/jobcenter\/?page_id=841"},"modified":"2026-02-16T10:33:33","modified_gmt":"2026-02-16T10:33:33","slug":"leistungsgewaehrung","status":"publish","type":"page","link":"https:\/\/jobcenter.lra-sm.de\/?page_id=841","title":{"rendered":"Leistungsgew\u00e4hrung"},"content":{"rendered":"<p>Sie befinden sich gerade in einer Lebenssituation, in der Sie von Ihrem derzeitigen Einkommen nicht leben k\u00f6nnen?<\/p>\n<p>Wir im Kommunalen Jobcenter Schmalkalden-Meiningen (KJC) sind f\u00fcr Sie da und helfen Ihnen mit der notwendigen finanziellen Unterst\u00fctzung, die Ihnen vielleicht mit dem Begriff B\u00fcrgergeld bekannt ist.<a href=\"https:\/\/jobcenter.lra-sm.de\/wp-content\/uploads\/2020\/03\/DLT-KJC-Claim-Kopie_Stark-Sozial-vor-Ort.png\"><img loading=\"lazy\" decoding=\"async\" class=\"size-full wp-image-3448 alignright\" src=\"https:\/\/jobcenter.lra-sm.de\/wp-content\/uploads\/2020\/03\/DLT-KJC-Claim-Kopie_Stark-Sozial-vor-Ort.png\" alt=\"\" width=\"191\" height=\"181\" \/><\/a><\/p>\n<p>Was sich genau dahinter verbirgt, erfahren Sie nachfolgend.<\/p>\n<p><strong>Wann bin ich anspruchsberechtigt?<\/strong><\/p>\n<p>Anspruch auf B\u00fcrgergeld haben grunds\u00e4tzlich alle Personen, die das 15. Lebensjahr vollendet und die gesetzlich festgelegte Altersgrenze zwischen 65 und 67 Jahren noch nicht erreicht haben und<\/p>\n<ul>\n<li>erwerbsf\u00e4hig sind, das hei\u00dft mindestens drei Stunden t\u00e4glich arbeiten k\u00f6nnen,<\/li>\n<li>hilfebed\u00fcrftig sind, also ihren Lebensunterhalt nicht aus dem ihnen zur Verf\u00fcgung stehenden Einkommen oder Verm\u00f6gen decken k\u00f6nnen sowie<\/li>\n<li>ihren gew\u00f6hnlichen Aufenthalt in der Bundesrepublik Deutschland haben.<\/li>\n<\/ul>\n<div id=\"attachment_5923\" style=\"width: 225px\" class=\"wp-caption alignright\"><a href=\"https:\/\/jobcenter.lra-sm.de\/wp-content\/uploads\/2023\/04\/Broschuere_2_Screenshot-2023-04-25-124341.jpg\"><img loading=\"lazy\" decoding=\"async\" aria-describedby=\"caption-attachment-5923\" class=\"wp-image-5923 size-medium\" src=\"https:\/\/jobcenter.lra-sm.de\/wp-content\/uploads\/2023\/04\/Broschuere_2_Screenshot-2023-04-25-124341-215x300.jpg\" alt=\"\" width=\"215\" height=\"300\" \/><\/a><p id=\"caption-attachment-5923\" class=\"wp-caption-text\">Herausgeber der Brosch\u00fcre \u201eB\u00fcrgergeld \/ Grundsicherung f\u00fcr Arbeitsuchende\u201c: Bundesministerium f\u00fcr Arbeit und Soziales, Referat Information, Monitoring, B\u00fcrgerservice, Bonn.<\/p><\/div>\n<p>Leistungen k\u00f6nnen dabei auch Personen erhalten, die mit einem erwerbsf\u00e4higen Leistungsberechtigten im gleichen Haushalt zusammen leben (Bedarfsgemeinschaft).<\/p>\n<p>Falls Sie nicht erwerbsf\u00e4hig sind oder bereits die Altersgrenze erreicht haben und Leistungen zum Lebensunterhalt ben\u00f6tigen, k\u00f6nnen Sie sich an den <a href=\"https:\/\/www.lra-sm.de\/?page_id=6911\">Fachdienst Soziales und Teilhabe des Landratsamtes Schmalkalden-Meiningen<\/a> wenden und dort Leistungen nach dem Sozialgesetzbuch, Zw\u00f6lftes Buch \u00a0(SGB XII) beantragen.<\/p>\n<p>Das B\u00fcrgergeld umfasst<\/p>\n<ul>\n<li>den ma\u00dfgebenden Regelbedarf,<\/li>\n<li>im Einzelfall Mehrbedarfe und<\/li>\n<li>die angemessenen Kosten f\u00fcr Unterkunft und Heizung.<\/li>\n<\/ul>\n<p><strong>Wo kann ich Leistungen nach dem SGB II beantragen?<\/strong><\/p>\n<p>Die Antragstellung auf Leistungen nach dem SGB II ist mit Terminvereinbarung in der <a href=\"https:\/\/jobcenter.lra-sm.de\/?page_id=855\">Servicestelle des Kommunalen Jobcenters<\/a> w\u00e4hrend der <a href=\"https:\/\/jobcenter.lra-sm.de\/?page_id=244\">Servicezeiten<\/a> m\u00f6glich.<\/p>\n<p><strong>Haben Sie Fragen zu unseren Leistungen oder Bescheiden?<\/strong><\/p>\n<div id=\"attachment_3449\" style=\"width: 310px\" class=\"wp-caption alignleft\"><a href=\"https:\/\/jobcenter.lra-sm.de\/wp-content\/uploads\/2020\/03\/write-593333_freie-Nutzung_ohne-Bildnachweis.jpg\"><img loading=\"lazy\" decoding=\"async\" aria-describedby=\"caption-attachment-3449\" class=\"wp-image-3449 size-medium\" src=\"https:\/\/jobcenter.lra-sm.de\/wp-content\/uploads\/2020\/03\/write-593333_freie-Nutzung_ohne-Bildnachweis-300x177.jpg\" alt=\"\" width=\"300\" height=\"177\" srcset=\"https:\/\/jobcenter.lra-sm.de\/wp-content\/uploads\/2020\/03\/write-593333_freie-Nutzung_ohne-Bildnachweis-300x177.jpg 300w, https:\/\/jobcenter.lra-sm.de\/wp-content\/uploads\/2020\/03\/write-593333_freie-Nutzung_ohne-Bildnachweis-768x454.jpg 768w, https:\/\/jobcenter.lra-sm.de\/wp-content\/uploads\/2020\/03\/write-593333_freie-Nutzung_ohne-Bildnachweis-1024x605.jpg 1024w\" sizes=\"(max-width: 300px) 100vw, 300px\" \/><\/a><p id=\"caption-attachment-3449\" class=\"wp-caption-text\">Bild auf Pixabay<\/p><\/div>\n<p>Ist ein Bescheid unverst\u00e4ndlich? K\u00f6nnen Sie m\u00f6glicherweise nicht nachvollziehen, wie Ihre Leistungen berechnet wurden? M\u00f6chten Sie wissen, auf welche Leistungen Sie ggf. Anspruch haben?<\/p>\n<p>Wir erl\u00e4utern Ihnen gern unsere Bescheide und die Ihnen zustehenden Leistungen.<\/p>\n<p>Bitte teilen Sie uns Ihren Beratungswunsch mit. Wir vereinbaren gern einen pers\u00f6nlichen Beratungstermin mit Ihnen, um Ihre Fragen und Anliegen zu kl\u00e4ren.<\/p>\n<p>&nbsp;<\/p>\n<p>&nbsp;<\/p>\n<div  class=\"mp-row-fluid motopress-row\">\n<div class=\"mp-span10 motopress-clmn\">\n<div class=\"motopress-accordion-obj motopress-accordion\" id=\"69e075ac0e0a1\">\n<div class=\"motopress-accordion-item\">\n<h3>Kontakt<\/h3>\n<div>\n<strong>Meiningen:<br \/>\n<\/strong>Landratsamt Schmalkalden-Meiningen<br \/>\nFachbereich Arbeit &#8211; FD Sicherung des Lebensunterhalts Meiningen<br \/>\nObertsh\u00e4user Platz 1<br \/>\n98617 Meiningen<br \/>\nTel.: 03693 \u00a0485 8444<br \/>\nE-Mail: <a href=\"mailto:sst_jobcenter@lra-sm.de\">sst_jobcenter(a)lra-sm.de<\/a><\/p>\n<p><strong><a href=\"https:\/\/jobcenter.lra-sm.de\/wp-content\/uploads\/2020\/10\/Einwilligung-E-Mail-Kommunikation.pdf\" download=\"=\">Einwilligung<\/a>\u00a0<\/strong>zur Nutzung der E-Mail-Kommunikation mit dem Kommunalen Jobcenter<\/p>\n<p>Bitte nutzen Sie unser<a href=\"https:\/\/jobcenter.lra-sm.de\/?page_id=246\"><strong> Kontaktformular<\/strong><\/a>.\n<\/div>\n<\/div>\n<div class=\"motopress-accordion-item\">\n<h3>Merkbl\u00e4tter \/ Informationen<\/h3>\n<div>\n<p><a href=\"https:\/\/jobcenter.lra-sm.de\/wp-content\/uploads\/2024\/06\/LRA-Merkblatt-SGB-II_06-2024-1.pdf\" download=\"\">Merkblatt Grundsicherung f\u00fcr Arbeitsuchende SGB II des Kommunalen Jobcenters<\/a><\/p>\n<p><a href=\"https:\/\/jobcenter.lra-sm.de\/?page_id=1343\">Informationen zur Beantragung B\u00fcrgergeld oder zu geplantem Umzug finden Sie hier in verschiedenen Sprachen.<\/a><\/p>\n<\/div>\n<\/div>\n<div class=\"motopress-accordion-item\">\n<h3>Formulare<\/h3>\n<div>\n<p><a href=\"https:\/\/jobcenter.lra-sm.de\/?page_id=2962\" target=\"_blank\" rel=\"noopener noreferrer\">Antrag Zusicherung Umzug<\/a><\/p>\n<\/div>\n<\/div>\n<div class=\"motopress-accordion-item\">\n<h3>Freibetragsrechner<\/h3>\n<div>\n<p><a href=\"https:\/\/www.sgb2.info\/DE\/Service\/Freibetragsrechner\/freibetragsrechner.html\">Freibetragsrechner<\/a><\/p>\n<\/div>\n<\/div>\n<div class=\"motopress-accordion-item\">\n<h3>Informationen nach der DSGVO<\/h3>\n<div>\n<p><a href=\"https:\/\/jobcenter.lra-sm.de\/wp-content\/uploads\/2026\/02\/Vorlage-Infopflicht-Art.-13-und-14-DSGVO.pdf\" download=\"\">Informationen nach der DSGVO<\/a><\/p>\n<\/div>\n<\/div>\n<p class=\"motopress-hide-script\"><script type=\"text\/javascript\">\n                jQuery(document).ready(function($) {\n                    var mpAccordion = $(\".motopress-accordion-obj#69e075ac0e0a1\");\n                    if (mpAccordion.data(\"uiAccordion\")) {\n                        mpAccordion.accordion(\"destroy\");\n                    }\n                    mpAccordion.accordion({\n                        active: false,\n                        collapsible: true,\n                        header: \"> div > h3\",\n                        heightStyle: \"content\"\n                    });\n                });\n                <\/script><\/p>\n<\/div>\n<\/div>\n<\/div>\n","protected":false},"excerpt":{"rendered":"Sie befinden sich gerade in einer Lebenssituation, in der Sie von Ihrem derzeitigen Einkommen nicht leben k\u00f6nnen? Wir im Kommunalen Jobcenter Schmalkalden-Meiningen (KJC) sind f\u00fcr Sie da und helfen Ihnen mit der notwendigen finanziellen Unterst\u00fctzung, die Ihnen vielleicht mit dem Begriff B\u00fcrgergeld bekannt ist. Was sich genau dahinter verbirgt, erfahren Sie nachfolgend. Wann bin ich [&hellip;]","protected":false},"author":5,"featured_media":0,"parent":3333,"menu_order":0,"comment_status":"closed","ping_status":"closed","template":"","meta":{"_et_pb_use_builder":"","_et_pb_old_content":"","_et_gb_content_width":"","footnotes":""},"class_list":["post-841","page","type-page","status-publish","hentry"],"_links":{"self":[{"href":"https:\/\/jobcenter.lra-sm.de\/index.php?rest_route=\/wp\/v2\/pages\/841","targetHints":{"allow":["GET"]}}],"collection":[{"href":"https:\/\/jobcenter.lra-sm.de\/index.php?rest_route=\/wp\/v2\/pages"}],"about":[{"href":"https:\/\/jobcenter.lra-sm.de\/index.php?rest_route=\/wp\/v2\/types\/page"}],"author":[{"embeddable":true,"href":"https:\/\/jobcenter.lra-sm.de\/index.php?rest_route=\/wp\/v2\/users\/5"}],"replies":[{"embeddable":true,"href":"https:\/\/jobcenter.lra-sm.de\/index.php?rest_route=%2Fwp%2Fv2%2Fcomments&post=841"}],"version-history":[{"count":13,"href":"https:\/\/jobcenter.lra-sm.de\/index.php?rest_route=\/wp\/v2\/pages\/841\/revisions"}],"predecessor-version":[{"id":6588,"href":"https:\/\/jobcenter.lra-sm.de\/index.php?rest_route=\/wp\/v2\/pages\/841\/revisions\/6588"}],"up":[{"embeddable":true,"href":"https:\/\/jobcenter.lra-sm.de\/index.php?rest_route=\/wp\/v2\/pages\/3333"}],"wp:attachment":[{"href":"https:\/\/jobcenter.lra-sm.de\/index.php?rest_route=%2Fwp%2Fv2%2Fmedia&parent=841"}],"curies":[{"name":"wp","href":"https:\/\/api.w.org\/{rel}","templated":true}]}}