{"id":5671,"date":"2023-01-10T13:34:55","date_gmt":"2023-01-10T13:34:55","guid":{"rendered":"https:\/\/jobcenter.lra-sm.de\/?page_id=5671"},"modified":"2023-04-25T11:30:57","modified_gmt":"2023-04-25T11:30:57","slug":"alg-ii-rechner-der-caritas","status":"publish","type":"page","link":"https:\/\/jobcenter.lra-sm.de\/?page_id=5671","title":{"rendered":"B\u00fcrgergeld-Rechner der Caritas"},"content":{"rendered":"<p>Es wird empfohlen, grunds\u00e4tzlich vor jeder Antragstellung zu pr\u00fcfen, ob es sinnvoll ist, erg\u00e4nzend Leistungen des Kommunalen Jobcenters Schmalkalden-Meiningen zu beantragen. Sie k\u00f6nnen zur Anspruchspr\u00fcfung den B\u00fcrgergeld-Rechner der Caritas nutzen (die Ergebnisse sind ohne Gew\u00e4hr und in Abh\u00e4ngigkeit der Vollst\u00e4ndigkeit Ihrer Eingaben zu betrachten).<\/p>\n<p><a href=\"https:\/\/www.caritasnet.de\/alg2\/rechner\/\">B\u00fcrgergeld-Rechner der Caritas<\/a><\/p>\n","protected":false},"excerpt":{"rendered":"Es wird empfohlen, grunds\u00e4tzlich vor jeder Antragstellung zu pr\u00fcfen, ob es sinnvoll ist, erg\u00e4nzend Leistungen des Kommunalen Jobcenters Schmalkalden-Meiningen zu beantragen. Sie k\u00f6nnen zur Anspruchspr\u00fcfung den B\u00fcrgergeld-Rechner der Caritas nutzen (die Ergebnisse sind ohne Gew\u00e4hr und in Abh\u00e4ngigkeit der Vollst\u00e4ndigkeit Ihrer Eingaben zu betrachten). B\u00fcrgergeld-Rechner der Caritas","protected":false},"author":5,"featured_media":0,"parent":0,"menu_order":0,"comment_status":"closed","ping_status":"closed","template":"","meta":{"_et_pb_use_builder":"","_et_pb_old_content":"","_et_gb_content_width":"","footnotes":""},"class_list":["post-5671","page","type-page","status-publish","hentry"],"_links":{"self":[{"href":"https:\/\/jobcenter.lra-sm.de\/index.php?rest_route=\/wp\/v2\/pages\/5671","targetHints":{"allow":["GET"]}}],"collection":[{"href":"https:\/\/jobcenter.lra-sm.de\/index.php?rest_route=\/wp\/v2\/pages"}],"about":[{"href":"https:\/\/jobcenter.lra-sm.de\/index.php?rest_route=\/wp\/v2\/types\/page"}],"author":[{"embeddable":true,"href":"https:\/\/jobcenter.lra-sm.de\/index.php?rest_route=\/wp\/v2\/users\/5"}],"replies":[{"embeddable":true,"href":"https:\/\/jobcenter.lra-sm.de\/index.php?rest_route=%2Fwp%2Fv2%2Fcomments&post=5671"}],"version-history":[{"count":7,"href":"https:\/\/jobcenter.lra-sm.de\/index.php?rest_route=\/wp\/v2\/pages\/5671\/revisions"}],"predecessor-version":[{"id":5928,"href":"https:\/\/jobcenter.lra-sm.de\/index.php?rest_route=\/wp\/v2\/pages\/5671\/revisions\/5928"}],"wp:attachment":[{"href":"https:\/\/jobcenter.lra-sm.de\/index.php?rest_route=%2Fwp%2Fv2%2Fmedia&parent=5671"}],"curies":[{"name":"wp","href":"https:\/\/api.w.org\/{rel}","templated":true}]}}