{"id":543,"date":"2026-02-16T05:00:53","date_gmt":"2026-02-16T05:00:53","guid":{"rendered":"http:\/\/www.lra-sm.de\/jobcenter\/?page_id=543"},"modified":"2026-02-16T10:15:35","modified_gmt":"2026-02-16T10:15:35","slug":"ueber-uns","status":"publish","type":"page","link":"https:\/\/jobcenter.lra-sm.de\/?page_id=543","title":{"rendered":"\u00dcber uns"},"content":{"rendered":"<h2><strong>Willkommen im Kommunalen Jobcenter<\/strong><\/h2>\n<div id=\"attachment_759\" style=\"width: 6010px\" class=\"wp-caption aligncenter\"><a href=\"https:\/\/jobcenter.lra-sm.de\/wp-content\/uploads\/2016\/06\/JObcenter-050.jpg\"><img loading=\"lazy\" decoding=\"async\" aria-describedby=\"caption-attachment-759\" class=\"wp-image-759\" src=\"https:\/\/jobcenter.lra-sm.de\/wp-content\/uploads\/2016\/06\/JObcenter-050-1024x683.jpg\" alt=\"JObcenter 050\" width=\"6000\" height=\"4000\" srcset=\"https:\/\/jobcenter.lra-sm.de\/wp-content\/uploads\/2016\/06\/JObcenter-050-1024x683.jpg 1024w, https:\/\/jobcenter.lra-sm.de\/wp-content\/uploads\/2016\/06\/JObcenter-050-300x200.jpg 300w, https:\/\/jobcenter.lra-sm.de\/wp-content\/uploads\/2016\/06\/JObcenter-050-768x512.jpg 768w\" sizes=\"(max-width: 6000px) 100vw, 6000px\" \/><\/a><p id=\"caption-attachment-759\" class=\"wp-caption-text\">Foto: LRA<\/p><\/div>\n<p>Das Kommunale Jobcenter Schmalkalden-Meiningen\u00a0\u00a0ist\u00a0 seit 01.01.2012 ein Fachbereich\u00a0des Landratsamtes Schmalkalden Meiningen und verantwortlich f\u00fcr alle Aufgaben des <a href=\"https:\/\/www.gesetze-im-internet.de\/sgb_2\/\">Zweiten Buches Sozialgesetzbuch (SGB II)<\/a> als zugelassener Kommunaler Tr\u00e4ger.<\/p>\n<p><a href=\"https:\/\/jobcenter.lra-sm.de\/wp-content\/uploads\/2020\/03\/DLT-KJC-Claim-Kopie_Stark-Sozial-vor-Ort.png\"><img loading=\"lazy\" decoding=\"async\" class=\"size-full wp-image-3448 alignright\" src=\"https:\/\/jobcenter.lra-sm.de\/wp-content\/uploads\/2020\/03\/DLT-KJC-Claim-Kopie_Stark-Sozial-vor-Ort.png\" alt=\"\" width=\"191\" height=\"181\" \/><\/a>Der Landkreis Schmalkalden-Meiningen ist mit seinem Kommunalen Jobcenter f\u00fcr die Beratung, Qualifizierung und Vermittlung, die Leistungszahlung (B\u00fcrgergeld, Kosten der Unterkunft) im Rahmen der Grundsicherung f\u00fcr Arbeitsuchende \u00a0und f\u00fcr die Zahlung der Mittel f\u00fcr Bildung und Teilhabe nach dem Sozialgesetzbuch II zust\u00e4ndig.<\/p>\n<p>Wenn Sie im Landkreis Schmalkalden-Meiningen leben und B\u00fcrgergeld beantragen wollen oder beziehen, dann sind wir f\u00fcr Sie zust\u00e4ndig.<\/p>\n<p><a href=\"https:\/\/jobcenter.lra-sm.de\/wp-content\/uploads\/2019\/11\/Logo-Jobcenter-4.jpg\"><img loading=\"lazy\" decoding=\"async\" class=\"alignleft size-medium wp-image-3038\" src=\"https:\/\/jobcenter.lra-sm.de\/wp-content\/uploads\/2019\/11\/Logo-Jobcenter-4-300x71.jpg\" alt=\"\" width=\"300\" height=\"71\" srcset=\"https:\/\/jobcenter.lra-sm.de\/wp-content\/uploads\/2019\/11\/Logo-Jobcenter-4-300x71.jpg 300w, https:\/\/jobcenter.lra-sm.de\/wp-content\/uploads\/2019\/11\/Logo-Jobcenter-4-768x182.jpg 768w, https:\/\/jobcenter.lra-sm.de\/wp-content\/uploads\/2019\/11\/Logo-Jobcenter-4-1024x242.jpg 1024w, https:\/\/jobcenter.lra-sm.de\/wp-content\/uploads\/2019\/11\/Logo-Jobcenter-4.jpg 1382w\" sizes=\"(max-width: 300px) 100vw, 300px\" \/><\/a>Vordringliches Ziel ist neben der Sicherstellung des Lebensunterhaltes\u00a0Ihre Eingliederung in den Arbeitsmarkt. Dabei unterst\u00fctzen wir Sie mit einem engagierten und fachkundigen Team. Wir bieten unsere Dienstleistungen an 2 Standorten des Landkreises zum einen in Meiningen, Obertsh\u00e4user Platz Haus II und in Schmalkalden in der Sandgasse 2 an.\u00a0Spezialisierte Ansprechpartner in allen Bereichen k\u00fcmmern sich an beiden Standorten sowohl um die <a href=\"https:\/\/jobcenter.lra-sm.de\/?page_id=289\">Vermittlung in Arbeit<\/a>, die Bewilligung der <a href=\"https:\/\/jobcenter.lra-sm.de\/?page_id=841\">Grundsicherung f\u00fcr Arbeitssuchende inkl. der Kosten der Unterkunft<\/a> als auch die Bewilligung der Leistungen im Rahmen der <a href=\"https:\/\/jobcenter.lra-sm.de\/?page_id=250\">Bildung und Teilhabe<\/a>.<\/p>\n<p>Der\u00a0<a href=\"https:\/\/jobcenter.lra-sm.de\/?page_id=261\">Arbeitgeberservice<\/a>\u00a0des Jobcenters Schmalkalden-Meiningen ist ein kompetenter Ansprechpartner f\u00fcr alle Unternehmen, die freie Arbeitsstellen im Angebot haben. Auch in Fragen m\u00f6glicher finanzieller Hilfen wird dort Beratung angeboten. Aktuelle Stellenangebote unseres Arbeitgeberservice finden Sie<a href=\"https:\/\/jobcenter.lra-sm.de\/?page_id=371\">\u00a0hier<\/a>.<\/p>\n<p>Die <a href=\"https:\/\/jobcenter.lra-sm.de\/?page_id=248\">Schuldner- und Verbraucherinsolvenzberatungsstelle<\/a> des Landkreises Schmalkalden-Meiningen ber\u00e4t Sie in allen Fragen der \u00a0Bew\u00e4ltigung und Aufarbeitung von Schulden. In pers\u00f6nlichen Gespr\u00e4chen werden gemeinsam L\u00f6sungen und Auswege aus der Schuldenfalle erarbeitet.<\/p>\n<div id=\"attachment_283\" style=\"width: 310px\" class=\"wp-caption alignright\"><a href=\"https:\/\/jobcenter.lra-sm.de\/wp-content\/uploads\/2016\/01\/IMG_6727.jpg\"><img loading=\"lazy\" decoding=\"async\" aria-describedby=\"caption-attachment-283\" class=\"wp-image-283 size-medium\" src=\"https:\/\/jobcenter.lra-sm.de\/wp-content\/uploads\/2016\/01\/IMG_6727-300x200.jpg\" alt=\"Foto: LRA \" width=\"300\" height=\"200\" srcset=\"https:\/\/jobcenter.lra-sm.de\/wp-content\/uploads\/2016\/01\/IMG_6727-300x200.jpg 300w, https:\/\/jobcenter.lra-sm.de\/wp-content\/uploads\/2016\/01\/IMG_6727-768x512.jpg 768w, https:\/\/jobcenter.lra-sm.de\/wp-content\/uploads\/2016\/01\/IMG_6727-1024x683.jpg 1024w\" sizes=\"(max-width: 300px) 100vw, 300px\" \/><\/a><p id=\"caption-attachment-283\" class=\"wp-caption-text\">Foto: LRA<\/p><\/div>\n<p>Auf den Internetseiten des Kommunalen Jobcenters Schmalkalden-Meiningen finden Sie\u00a0alle wichtigen Informationen und sollte dies einmal nicht der Fall sein, so stehen die Mitarbeiterinnen und Mitarbeiter des Kommunalen Jobcenters nat\u00fcrlich auch f\u00fcr pers\u00f6nliche Gespr\u00e4che zur Verf\u00fcgung.\u00a0Wir w\u00fcnschen Ihnen viel Erfolg bei der Suche nach einem Arbeitsplatz.<\/p>\n<p>Hier geht es zum <a href=\"https:\/\/jobcenter.lra-sm.de\/?page_id=241\">Organigramm des Jobcenters <\/a>und zum\u00a0<a href=\"https:\/\/jobcenter.lra-sm.de\/wp-content\/uploads\/2016\/05\/Organigramm_LRA.pdf\">Organigramm des Landratsamtes<\/a>\u00a0.<\/p>\n<div id=\"attachment_5923\" style=\"width: 225px\" class=\"wp-caption alignnone\"><a href=\"https:\/\/jobcenter.lra-sm.de\/wp-content\/uploads\/2023\/04\/Broschuere-Buergergeld_a430-grundsicherung-fuer-arbeitsuchende-sgb-ii.pdf\" download=\"\"><img loading=\"lazy\" decoding=\"async\" aria-describedby=\"caption-attachment-5923\" class=\"wp-image-5923 size-medium\" src=\"https:\/\/jobcenter.lra-sm.de\/wp-content\/uploads\/2023\/04\/Broschuere_2_Screenshot-2023-04-25-124341-215x300.jpg\" alt=\"\" width=\"215\" height=\"300\" \/><\/a><p id=\"caption-attachment-5923\" class=\"wp-caption-text\">Die Brosch\u00fcre \u201eB\u00fcrgergeld \/ Grundsicherung f\u00fcr Arbeitsuchende\u201c wird vom Bundesministerium f\u00fcr Arbeit und Soziales, Referat Information, Monitoring, B\u00fcrgerservice, Bonn herausgegeben. Sie zeigt, welche Rechte und Pflichten B\u00fcrgergeld-Beziehende haben und welche M\u00f6glichkeiten und Hilfen das B\u00fcrgergeld bietet. <a href=\"https:\/\/www.bmas.de\/DE\/Service\/Publikationen\/Broschueren\/a430-grundsicherung-fuer-arbeitsuchende-sgb-ii.html\"><strong>Link<\/strong><\/a><\/p><\/div>\n<p>&nbsp;<\/p>\n<div  class=\"mp-row-fluid motopress-row\"><\/div>\n<div class=\"mp-span10 motopress-clmn\">\n<div class=\"motopress-accordion-obj motopress-accordion\" id=\"69f5a839cad8c\">\n<div class=\"motopress-accordion-item\">\n<h3>Kontakt<\/h3>\n<div>\n<p><strong>Meiningen:<br \/>\n<\/strong>Landratsamt Schmalkalden-Meiningen<br \/>\nKommunales Jobcenter<br \/>\nObertsh\u00e4user Platz 1<br \/>\n98617 Meiningen<br \/>\nTel.: 03693 \u00a0485 8444<br \/>\nE-Mail: <a href=\"mailto:sst_jobcenter@lra-sm.de\">sst_jobcenter(a)lra-sm.de<\/a><\/p>\n<p><strong>Schmalkalden:<br \/>\n<\/strong>Landratsamt Schmalkalden-Meiningen<br \/>\nKommunales Jobcenter &#8211; Gesch\u00e4ftsstelle Schmalkalden<br \/>\nSandgasse 2<br \/>\n98574 Schmalkalden<br \/>\nTel.: 03683 682 215<br \/>\nE-Mail: <a href=\"mailto:sst_jobcenter@lra-sm.de\">sst_jobcenter(a)lra-sm.de<\/a><\/p>\n<p>Bitte nutzen Sie unser<a href=\"https:\/\/jobcenter.lra-sm.de\/?page_id=246\"><strong> Kontaktformular<\/strong><\/a>.<\/p>\n<p><strong><a href=\"https:\/\/jobcenter.lra-sm.de\/wp-content\/uploads\/2020\/10\/Einwilligung-E-Mail-Kommunikation.pdf\">Einwilligung<\/a>\u00a0<\/strong>zur Nutzung der E-Mail-Kommunikation mit dem Kommunalen Jobcenter<\/p>\n<\/div>\n<\/div>\n<div class=\"motopress-accordion-item\">\n<h3>Merkblatt Grundsicherung f\u00fcr Arbeitsuchende SGB II des Kommunalen Jobcenters<\/h3>\n<div>\n<p><a href=\"https:\/\/jobcenter.lra-sm.de\/wp-content\/uploads\/2024\/06\/LRA-Merkblatt-SGB-II_06-2024-1.pdf\" download=\"\"><img loading=\"lazy\" decoding=\"async\" class=\"alignnone size-medium wp-image-6232\" src=\"https:\/\/jobcenter.lra-sm.de\/wp-content\/uploads\/2024\/06\/Merkblatt-Deckblatt-214x300.png\" alt=\"\" width=\"214\" height=\"300\" \/><\/a><\/p>\n<p>&nbsp;<\/p>\n<\/div>\n<\/div>\n<div class=\"motopress-accordion-item\">\n<h3>N\u00fctzliche Links<\/h3>\n<div>\n<p class=\"claim\"><a href=\"https:\/\/www.sgb2.info\/DE\/Startseite\/start.html\">Portal f\u00fcr die Jobcenter-Praxis<\/a><\/p>\n<p><a href=\"https:\/\/www.kommunale-jobcenter.de\/#\">Kommunen f\u00fcr die Arbeit &#8211; www.kommunale-jobcenter.de<\/a><\/p>\n<p><a href=\"https:\/\/jobcenter.lra-sm.de\/wp-content\/uploads\/2022\/12\/2022-11-29-Jobcenter-Infopapier-Buergergeld.pdf\" target=\"_blank\" rel=\"noopener\">Informationsblatt zum B\u00fcrgergeld<\/a><\/p>\n<\/div>\n<\/div>\n<div class=\"motopress-accordion-item\">\n<h3>Informationen nach der DSGVO<\/h3>\n<div>\n<p><a href=\"https:\/\/jobcenter.lra-sm.de\/wp-content\/uploads\/2026\/02\/Vorlage-Infopflicht-Art.-13-und-14-DSGVO.pdf\" download=\"\">Informationen nach der DSGVO<\/a><\/p>\n<\/div>\n<\/div>\n<p class=\"motopress-hide-script\"><script type=\"text\/javascript\">\n                jQuery(document).ready(function($) {\n                    var mpAccordion = $(\".motopress-accordion-obj#69f5a839cad8c\");\n                    if (mpAccordion.data(\"uiAccordion\")) {\n                        mpAccordion.accordion(\"destroy\");\n                    }\n                    mpAccordion.accordion({\n                        active: false,\n                        collapsible: true,\n                        header: \"> div > h3\",\n                        heightStyle: \"content\"\n                    });\n                });\n                <\/script><\/p>\n<\/div>\n<\/div>\n","protected":false},"excerpt":{"rendered":"Willkommen im Kommunalen Jobcenter Das Kommunale Jobcenter Schmalkalden-Meiningen\u00a0\u00a0ist\u00a0 seit 01.01.2012 ein Fachbereich\u00a0des Landratsamtes Schmalkalden Meiningen und verantwortlich f\u00fcr alle Aufgaben des Zweiten Buches Sozialgesetzbuch (SGB II) als zugelassener Kommunaler Tr\u00e4ger. Der Landkreis Schmalkalden-Meiningen ist mit seinem Kommunalen Jobcenter f\u00fcr die Beratung, Qualifizierung und Vermittlung, die Leistungszahlung (B\u00fcrgergeld, Kosten der Unterkunft) im Rahmen der Grundsicherung f\u00fcr [&hellip;]","protected":false},"author":4,"featured_media":0,"parent":0,"menu_order":0,"comment_status":"closed","ping_status":"closed","template":"","meta":{"_et_pb_use_builder":"","_et_pb_old_content":"","_et_gb_content_width":"","footnotes":""},"class_list":["post-543","page","type-page","status-publish","hentry"],"_links":{"self":[{"href":"https:\/\/jobcenter.lra-sm.de\/index.php?rest_route=\/wp\/v2\/pages\/543","targetHints":{"allow":["GET"]}}],"collection":[{"href":"https:\/\/jobcenter.lra-sm.de\/index.php?rest_route=\/wp\/v2\/pages"}],"about":[{"href":"https:\/\/jobcenter.lra-sm.de\/index.php?rest_route=\/wp\/v2\/types\/page"}],"author":[{"embeddable":true,"href":"https:\/\/jobcenter.lra-sm.de\/index.php?rest_route=\/wp\/v2\/users\/4"}],"replies":[{"embeddable":true,"href":"https:\/\/jobcenter.lra-sm.de\/index.php?rest_route=%2Fwp%2Fv2%2Fcomments&post=543"}],"version-history":[{"count":18,"href":"https:\/\/jobcenter.lra-sm.de\/index.php?rest_route=\/wp\/v2\/pages\/543\/revisions"}],"predecessor-version":[{"id":6576,"href":"https:\/\/jobcenter.lra-sm.de\/index.php?rest_route=\/wp\/v2\/pages\/543\/revisions\/6576"}],"wp:attachment":[{"href":"https:\/\/jobcenter.lra-sm.de\/index.php?rest_route=%2Fwp%2Fv2%2Fmedia&parent=543"}],"curies":[{"name":"wp","href":"https:\/\/api.w.org\/{rel}","templated":true}]}}

Über uns

<h2><strong>Willkommen im Kommunalen Jobcenter</strong></h2>
<div id="attachment_759" style="width: 6010px" class="wp-caption aligncenter"><a href="https://jobcenter.lra-sm.de/wp-content/uploads/2016/06/JObcenter-050.jpg"><img loading="lazy" decoding="async" aria-describedby="caption-attachment-759" class="wp-image-759" src="https://jobcenter.lra-sm.de/wp-content/uploads/2016/06/JObcenter-050-1024x683.jpg" alt="JObcenter 050" width="6000" height="4000" srcset="https://jobcenter.lra-sm.de/wp-content/uploads/2016/06/JObcenter-050-1024x683.jpg 1024w, https://jobcenter.lra-sm.de/wp-content/uploads/2016/06/JObcenter-050-300x200.jpg 300w, https://jobcenter.lra-sm.de/wp-content/uploads/2016/06/JObcenter-050-768x512.jpg 768w" sizes="(max-width: 6000px) 100vw, 6000px" /></a><p id="caption-attachment-759" class="wp-caption-text">Foto: LRA</p></div>
<p>Das Kommunale Jobcenter Schmalkalden-Meiningen  ist  seit 01.01.2012 ein Fachbereich des Landratsamtes Schmalkalden Meiningen und verantwortlich für alle Aufgaben des <a href="https://www.gesetze-im-internet.de/sgb_2/">Zweiten Buches Sozialgesetzbuch (SGB II)</a> als zugelassener Kommunaler Träger.</p>
<p><a href="https://jobcenter.lra-sm.de/wp-content/uploads/2020/03/DLT-KJC-Claim-Kopie_Stark-Sozial-vor-Ort.png"><img loading="lazy" decoding="async" class="size-full wp-image-3448 alignright" src="https://jobcenter.lra-sm.de/wp-content/uploads/2020/03/DLT-KJC-Claim-Kopie_Stark-Sozial-vor-Ort.png" alt="" width="191" height="181" /></a>Der Landkreis Schmalkalden-Meiningen ist mit seinem Kommunalen Jobcenter für die Beratung, Qualifizierung und Vermittlung, die Leistungszahlung (Bürgergeld, Kosten der Unterkunft) im Rahmen der Grundsicherung für Arbeitsuchende  und für die Zahlung der Mittel für Bildung und Teilhabe nach dem Sozialgesetzbuch II zuständig.</p>
<p>Wenn Sie im Landkreis Schmalkalden-Meiningen leben und Bürgergeld beantragen wollen oder beziehen, dann sind wir für Sie zuständig.</p>
<p><a href="https://jobcenter.lra-sm.de/wp-content/uploads/2019/11/Logo-Jobcenter-4.jpg"><img loading="lazy" decoding="async" class="alignleft size-medium wp-image-3038" src="https://jobcenter.lra-sm.de/wp-content/uploads/2019/11/Logo-Jobcenter-4-300x71.jpg" alt="" width="300" height="71" srcset="https://jobcenter.lra-sm.de/wp-content/uploads/2019/11/Logo-Jobcenter-4-300x71.jpg 300w, https://jobcenter.lra-sm.de/wp-content/uploads/2019/11/Logo-Jobcenter-4-768x182.jpg 768w, https://jobcenter.lra-sm.de/wp-content/uploads/2019/11/Logo-Jobcenter-4-1024x242.jpg 1024w, https://jobcenter.lra-sm.de/wp-content/uploads/2019/11/Logo-Jobcenter-4.jpg 1382w" sizes="(max-width: 300px) 100vw, 300px" /></a>Vordringliches Ziel ist neben der Sicherstellung des Lebensunterhaltes Ihre Eingliederung in den Arbeitsmarkt. Dabei unterstützen wir Sie mit einem engagierten und fachkundigen Team. Wir bieten unsere Dienstleistungen an 2 Standorten des Landkreises zum einen in Meiningen, Obertshäuser Platz Haus II und in Schmalkalden in der Sandgasse 2 an. Spezialisierte Ansprechpartner in allen Bereichen kümmern sich an beiden Standorten sowohl um die <a href="https://jobcenter.lra-sm.de/?page_id=289">Vermittlung in Arbeit</a>, die Bewilligung der <a href="https://jobcenter.lra-sm.de/?page_id=841">Grundsicherung für Arbeitssuchende inkl. der Kosten der Unterkunft</a> als auch die Bewilligung der Leistungen im Rahmen der <a href="https://jobcenter.lra-sm.de/?page_id=250">Bildung und Teilhabe</a>.</p>
<p>Der <a href="https://jobcenter.lra-sm.de/?page_id=261">Arbeitgeberservice</a> des Jobcenters Schmalkalden-Meiningen ist ein kompetenter Ansprechpartner für alle Unternehmen, die freie Arbeitsstellen im Angebot haben. Auch in Fragen möglicher finanzieller Hilfen wird dort Beratung angeboten. Aktuelle Stellenangebote unseres Arbeitgeberservice finden Sie<a href="https://jobcenter.lra-sm.de/?page_id=371"> hier</a>.</p>
<p>Die <a href="https://jobcenter.lra-sm.de/?page_id=248">Schuldner- und Verbraucherinsolvenzberatungsstelle</a> des Landkreises Schmalkalden-Meiningen berät Sie in allen Fragen der  Bewältigung und Aufarbeitung von Schulden. In persönlichen Gesprächen werden gemeinsam Lösungen und Auswege aus der Schuldenfalle erarbeitet.</p>
<div id="attachment_283" style="width: 310px" class="wp-caption alignright"><a href="https://jobcenter.lra-sm.de/wp-content/uploads/2016/01/IMG_6727.jpg"><img loading="lazy" decoding="async" aria-describedby="caption-attachment-283" class="wp-image-283 size-medium" src="https://jobcenter.lra-sm.de/wp-content/uploads/2016/01/IMG_6727-300x200.jpg" alt="Foto: LRA " width="300" height="200" srcset="https://jobcenter.lra-sm.de/wp-content/uploads/2016/01/IMG_6727-300x200.jpg 300w, https://jobcenter.lra-sm.de/wp-content/uploads/2016/01/IMG_6727-768x512.jpg 768w, https://jobcenter.lra-sm.de/wp-content/uploads/2016/01/IMG_6727-1024x683.jpg 1024w" sizes="(max-width: 300px) 100vw, 300px" /></a><p id="caption-attachment-283" class="wp-caption-text">Foto: LRA</p></div>
<p>Auf den Internetseiten des Kommunalen Jobcenters Schmalkalden-Meiningen finden Sie alle wichtigen Informationen und sollte dies einmal nicht der Fall sein, so stehen die Mitarbeiterinnen und Mitarbeiter des Kommunalen Jobcenters natürlich auch für persönliche Gespräche zur Verfügung. Wir wünschen Ihnen viel Erfolg bei der Suche nach einem Arbeitsplatz.</p>
<p>Hier geht es zum <a href="https://jobcenter.lra-sm.de/?page_id=241">Organigramm des Jobcenters </a>und zum <a href="https://jobcenter.lra-sm.de/wp-content/uploads/2016/05/Organigramm_LRA.pdf">Organigramm des Landratsamtes</a> .</p>
<div id="attachment_5923" style="width: 225px" class="wp-caption alignnone"><a href="https://jobcenter.lra-sm.de/wp-content/uploads/2023/04/Broschuere-Buergergeld_a430-grundsicherung-fuer-arbeitsuchende-sgb-ii.pdf" download=""><img loading="lazy" decoding="async" aria-describedby="caption-attachment-5923" class="wp-image-5923 size-medium" src="https://jobcenter.lra-sm.de/wp-content/uploads/2023/04/Broschuere_2_Screenshot-2023-04-25-124341-215x300.jpg" alt="" width="215" height="300" /></a><p id="caption-attachment-5923" class="wp-caption-text">Die Broschüre „Bürgergeld / Grundsicherung für Arbeitsuchende“ wird vom Bundesministerium für Arbeit und Soziales, Referat Information, Monitoring, Bürgerservice, Bonn herausgegeben. Sie zeigt, welche Rechte und Pflichten Bürgergeld-Beziehende haben und welche Möglichkeiten und Hilfen das Bürgergeld bietet. <a href="https://www.bmas.de/DE/Service/Publikationen/Broschueren/a430-grundsicherung-fuer-arbeitsuchende-sgb-ii.html"><strong>Link</strong></a></p></div>
<p>&nbsp;</p>
<div  class="mp-row-fluid motopress-row"></div>
<div class="mp-span10 motopress-clmn">
<div class="motopress-accordion-obj motopress-accordion" id="69f5a839cad8c">
<div class="motopress-accordion-item">
<h3>Kontakt</h3>
<div>
<p><strong>Meiningen:<br />
</strong>Landratsamt Schmalkalden-Meiningen<br />
Kommunales Jobcenter<br />
Obertshäuser Platz 1<br />
98617 Meiningen<br />
Tel.: 03693  485 8444<br />
E-Mail: <a href="mailto:sst_jobcenter@lra-sm.de">sst_jobcenter(a)lra-sm.de</a></p>
<p><strong>Schmalkalden:<br />
</strong>Landratsamt Schmalkalden-Meiningen<br />
Kommunales Jobcenter &#8211; Geschäftsstelle Schmalkalden<br />
Sandgasse 2<br />
98574 Schmalkalden<br />
Tel.: 03683 682 215<br />
E-Mail: <a href="mailto:sst_jobcenter@lra-sm.de">sst_jobcenter(a)lra-sm.de</a></p>
<p>Bitte nutzen Sie unser<a href="https://jobcenter.lra-sm.de/?page_id=246"><strong> Kontaktformular</strong></a>.</p>
<p><strong><a href="https://jobcenter.lra-sm.de/wp-content/uploads/2020/10/Einwilligung-E-Mail-Kommunikation.pdf">Einwilligung</a> </strong>zur Nutzung der E-Mail-Kommunikation mit dem Kommunalen Jobcenter</p>
</div>
</div>
<div class="motopress-accordion-item">
<h3>Merkblatt Grundsicherung für Arbeitsuchende SGB II des Kommunalen Jobcenters</h3>
<div>
<p><a href="https://jobcenter.lra-sm.de/wp-content/uploads/2024/06/LRA-Merkblatt-SGB-II_06-2024-1.pdf" download=""><img loading="lazy" decoding="async" class="alignnone size-medium wp-image-6232" src="https://jobcenter.lra-sm.de/wp-content/uploads/2024/06/Merkblatt-Deckblatt-214x300.png" alt="" width="214" height="300" /></a></p>
<p>&nbsp;</p>
</div>
</div>
<div class="motopress-accordion-item">
<h3>Nützliche Links</h3>
<div>
<p class="claim"><a href="https://www.sgb2.info/DE/Startseite/start.html">Portal für die Jobcenter-Praxis</a></p>
<p><a href="https://www.kommunale-jobcenter.de/#">Kommunen für die Arbeit &#8211; www.kommunale-jobcenter.de</a></p>
<p><a href="https://jobcenter.lra-sm.de/wp-content/uploads/2022/12/2022-11-29-Jobcenter-Infopapier-Buergergeld.pdf" target="_blank" rel="noopener">Informationsblatt zum Bürgergeld</a></p>
</div>
</div>
<div class="motopress-accordion-item">
<h3>Informationen nach der DSGVO</h3>
<div>
<p><a href="https://jobcenter.lra-sm.de/wp-content/uploads/2026/02/Vorlage-Infopflicht-Art.-13-und-14-DSGVO.pdf" download="">Informationen nach der DSGVO</a></p>
</div>
</div>
<p class="motopress-hide-script"><script type="text/javascript">
                jQuery(document).ready(function($) {
                    var mpAccordion = $(".motopress-accordion-obj#69f5a839cad8c");
                    if (mpAccordion.data("uiAccordion")) {
                        mpAccordion.accordion("destroy");
                    }
                    mpAccordion.accordion({
                        active: false,
                        collapsible: true,
                        header: "> div > h3",
                        heightStyle: "content"
                    });
                });
                </script></p>
</div>
</div>

Willkommen im Kommunalen Jobcenter Das Kommunale Jobcenter Schmalkalden-Meiningen  ist  seit 01.01.2012 ein Fachbereich des Landratsamtes Schmalkalden Meiningen und verantwortlich für alle Aufgaben des Zweiten Buches Sozialgesetzbuch (SGB II) als zugelassener Kommunaler Träger. Der Landkreis Schmalkalden-Meiningen ist mit seinem Kommunalen Jobcenter für die Beratung, Qualifizierung und Vermittlung, die Leistungszahlung (Bürgergeld, Kosten der Unterkunft) im Rahmen der Grundsicherung für [&hellip;]
