{"id":3341,"date":"2025-11-25T03:00:41","date_gmt":"2025-11-25T03:00:41","guid":{"rendered":"https:\/\/www.lra-sm.de\/jobcenter\/?page_id=3341"},"modified":"2025-11-25T09:13:08","modified_gmt":"2025-11-25T09:13:08","slug":"leistungen-fuer-unterkunft-und-heizung","status":"publish","type":"page","link":"https:\/\/jobcenter.lra-sm.de\/?page_id=3341","title":{"rendered":"Leistungen f\u00fcr Unterkunft und Heizung"},"content":{"rendered":"\r\n<p>Kosten der Unterkunft und Heizung werden, soweit sie angemessen sind, vom Jobcenter \u00fcbernommen (<a href=\"https:\/\/jobcenter.lra-sm.de\/?page_id=4005\">Fortschreibung der Richtwerte des Konzeptes zur Ermittlung der Bedarfe f\u00fcr Unterkunft und Angemessenheitsrichtwerte der Bedarfe f\u00fcr Unterkunft 2024 &#8211; Schl\u00fcssiges Konzept<\/a>). Ob die Kosten angemessen sind, wird beurteilt nach<\/p>\r\n\r\n\r\n\r\n<div class=\"wp-block-image\">\r\n<figure class=\"alignright is-resized\"><img loading=\"lazy\" decoding=\"async\" class=\"wp-image-3403\" src=\"https:\/\/jobcenter.lra-sm.de\/wp-content\/uploads\/2020\/03\/Hausfassade_Bild-von-Hans-Braxmeier-auf-Pixabay_verkleinert.jpg\" alt=\"\" width=\"234\" height=\"312\" srcset=\"https:\/\/jobcenter.lra-sm.de\/wp-content\/uploads\/2020\/03\/Hausfassade_Bild-von-Hans-Braxmeier-auf-Pixabay_verkleinert.jpg 720w, https:\/\/jobcenter.lra-sm.de\/wp-content\/uploads\/2020\/03\/Hausfassade_Bild-von-Hans-Braxmeier-auf-Pixabay_verkleinert-225x300.jpg 225w\" sizes=\"(max-width: 234px) 100vw, 234px\" \/>\r\n<figcaption>Bild von\u00a0Hans Braxmeier\u00a0auf Pixabay<\/figcaption>\r\n<\/figure>\r\n<\/div>\r\n\r\n\r\n\r\n<ul class=\"wp-block-list\">\r\n<li>den individuellen Verh\u00e4ltnissen des Einzelfalles (Zahl der Familienangeh\u00f6rigen, Alter),<\/li>\r\n<li>der vorhandenen Wohnfl\u00e4che,<\/li>\r\n<li>der durchschnittlichen H\u00f6he der \u00f6rtlichen Mieten und den M\u00f6glichkeiten des \u00f6rtlichen Wohnungsmarktes im unteren Preissegment.<\/li>\r\n<\/ul>\r\n\r\n\r\n\r\n<p>Bei Wohnungs- und Hauseigentum geh\u00f6ren zu den Kosten der Unterkunft auch die Belastungen (z. B. Schuldzinsen, Geb\u00e4udeversicherung, Nebenkosten usw., nicht aber Tilgungsraten).<\/p>\r\n\r\n\r\n\r\n<p>F\u00fcr aufgelaufene Mietschulden kann in Notlagen unter bestimmten Voraussetzungen ein Darlehen gew\u00e4hrt werden, z. B. wenn sonst der Verlust der Wohnung droht.<\/p>\r\n\r\n\r\n\r\n<p>Ein Anspruch auf Wohngeld besteht nicht.<\/p>\r\n\r\n\r\n\r\n<p>Die Aufwendungen werden in H\u00f6he der tats\u00e4chlichen Kosten bis an die Grenze der Angemessenheit \u00fcbernommen.<\/p>\r\n\r\n\r\n\r\n<p>Den Anspruch haben Bezieher von Alg II, wobei alle Mitglieder der Bedarfsgemeinschaft ber\u00fccksichtigt werden.<\/p>\r\n\r\n\r\n\r\n<p>F\u00fcr das Dach \u00fcber dem Kopf haben Sie mit uns verl\u00e4ssliche Ansprechpartner*innen zur Hand. Denn nat\u00fcrlich geh\u00f6rt ein Zuhause zum Leben dazu. Im Rahmen der Grundsicherung \u00fcbernehmen wir daher auch die Kosten f\u00fcr Ihre Unterkunft und die Heizung, sofern diese angemessen sind.<\/p>\r\n\r\n\r\n\r\n<p><strong>Was bedeutet angemessen?<\/strong> Die Angemessenheit wird auf Grundlage des aktuellen schl\u00fcssigen Konzeptes und der darin ermittelten Angemessenheitswerte bestimmt. Diese k\u00f6nnen je nach Wohnort im Landkreis unterschiedlich sein. Wir beraten Sie gern vor Anmietung einer Wohnung und informieren Sie, ob diese Wohnung angemessen ist.<\/p>\r\n\r\n\r\n\r\n<p><strong>Werden besondere Lebensumst\u00e4nde ber\u00fccksichtigt?<\/strong> Ihre Lebensumst\u00e4nde stehen f\u00fcr uns immer im Mittelpunkt. Daher pr\u00fcfen wir in jedem Einzelfall, welche Wohnung mit welchen Voraussetzungen f\u00fcr Sie passend ist, um Beispiel im Fall einer Behinderung oder Krankheit.<\/p>\r\n\r\n\r\n\r\n<figure class=\"wp-block-image is-resized\"><img loading=\"lazy\" decoding=\"async\" class=\"wp-image-3402\" src=\"https:\/\/jobcenter.lra-sm.de\/wp-content\/uploads\/2020\/03\/Heizung_Regler_Bild-von-Gelly-auf-Pixabay-1024x678.jpg\" alt=\"\" width=\"272\" height=\"180\" srcset=\"https:\/\/jobcenter.lra-sm.de\/wp-content\/uploads\/2020\/03\/Heizung_Regler_Bild-von-Gelly-auf-Pixabay-1024x678.jpg 1024w, https:\/\/jobcenter.lra-sm.de\/wp-content\/uploads\/2020\/03\/Heizung_Regler_Bild-von-Gelly-auf-Pixabay-300x199.jpg 300w, https:\/\/jobcenter.lra-sm.de\/wp-content\/uploads\/2020\/03\/Heizung_Regler_Bild-von-Gelly-auf-Pixabay-768x508.jpg 768w, https:\/\/jobcenter.lra-sm.de\/wp-content\/uploads\/2020\/03\/Heizung_Regler_Bild-von-Gelly-auf-Pixabay.jpg 1920w\" sizes=\"(max-width: 272px) 100vw, 272px\" \/>\r\n<figcaption>Bild von\u00a0Gelly auf Pixabay<\/figcaption>\r\n<\/figure>\r\n\r\n\r\n\r\n<p><strong>Was ist, wenn meine Wohnung mehr kostet?<\/strong> Wenn Sie gerade einen Antrag auf Grundsicherung gestellt haben und zu Beginn der Hilfe in einer teureren Unterkunft wohnen, werden diese Kosten f\u00fcr maximal 6 Monate \u00fcbernommen. Das gilt auch f\u00fcr selbst genutztes Eigentum. Ein Umzug ist nach diesen 6 Monaten nicht zwingend. So haben Sie zum Beispiel die M\u00f6glichkeit, R\u00e4ume zu untervermieten oder mit den Vermieter*innen eine Anpassung der Kosten zu vereinbaren.<\/p>\r\n\r\n\r\n\r\n<p>Weiter Informationen entnehmen Sie gern dem Hinweisblatt zum Umzug, das auf <a href=\"https:\/\/jobcenter.lra-sm.de\/?page_id=1343\">dieser Seite<\/a> unter Merkbl\u00e4tter\/ Informationen\/ informations zu finden ist.\u00a0<\/p>\r\n\r\n\r\n<div  class=\"mp-row-fluid motopress-row\">\n\r\n\r\n<div class=\"mp-span10 motopress-clmn\">\n\r\n\r\n\r\n<p><div class=\"motopress-accordion-obj motopress-accordion\" id=\"69f614a735597\"><\/p>\r\n\r\n\r\n<div class=\"motopress-accordion-item\">\n<h3>Informationen nach der DSGVO<\/h3>\n<div>\n\r\n\r\n\r\n<p><a href=\"https:\/\/jobcenter.lra-sm.de\/wp-content\/uploads\/2025\/11\/Vorlage-Infopflicht-Art.-13-und-14-DSGVO-10-2025.pdf\" download=\"\">Informationen nach der DSGVO<\/a><\/p>\r\n\r\n\r\n\r\n<p><\/div><\/div><\/p>\r\n<p><div class=\"motopress-accordion-item\"><h3>Merkblatt Grundsicherung f\u00fcr Arbeitsuchende SGB II des Kommunalen Jobcenters<\/h3><div><\/p>\r\n<p><a href=\"https:\/\/jobcenter.lra-sm.de\/wp-content\/uploads\/2024\/06\/LRA-Merkblatt-SGB-II_06-2024-1.pdf\" download=\"\"><img loading=\"lazy\" decoding=\"async\" class=\"alignnone size-medium wp-image-6232\" src=\"https:\/\/jobcenter.lra-sm.de\/wp-content\/uploads\/2024\/06\/Merkblatt-Deckblatt-214x300.png\" alt=\"\" width=\"214\" height=\"300\" \/><\/a><\/p>\r\n<p>&nbsp;<\/p>\r\n<p><\/div><\/div><\/p>\r\n\r\n\r\n\r\n<p><p class=\"motopress-hide-script\"><script type=\"text\/javascript\">\r\n                jQuery(document).ready(function($) {\r\n                    var mpAccordion = $(\".motopress-accordion-obj#69f614a735597\");\r\n                    if (mpAccordion.data(\"uiAccordion\")) {\r\n                        mpAccordion.accordion(\"destroy\");\r\n                    }\r\n                    mpAccordion.accordion({\r\n                        active: false,\r\n                        collapsible: true,\r\n                        header: \"> div > h3\",\r\n                        heightStyle: \"content\"\r\n                    });\r\n                });\r\n                <\/script><\/p><\/div><br \/><\/div><br \/><\/div><\/p>\r\n","protected":false},"excerpt":{"rendered":"Kosten der Unterkunft und Heizung werden, soweit sie angemessen sind, vom Jobcenter \u00fcbernommen (Fortschreibung der Richtwerte des Konzeptes zur Ermittlung der Bedarfe f\u00fcr Unterkunft und Angemessenheitsrichtwerte der Bedarfe f\u00fcr Unterkunft 2024 &#8211; Schl\u00fcssiges Konzept). Ob die Kosten angemessen sind, wird beurteilt nach den individuellen Verh\u00e4ltnissen des Einzelfalles (Zahl der Familienangeh\u00f6rigen, Alter), der vorhandenen Wohnfl\u00e4che, der [&hellip;]","protected":false},"author":5,"featured_media":0,"parent":3333,"menu_order":0,"comment_status":"closed","ping_status":"closed","template":"","meta":{"_et_pb_use_builder":"","_et_pb_old_content":"","_et_gb_content_width":"","footnotes":""},"class_list":["post-3341","page","type-page","status-publish","hentry"],"_links":{"self":[{"href":"https:\/\/jobcenter.lra-sm.de\/index.php?rest_route=\/wp\/v2\/pages\/3341","targetHints":{"allow":["GET"]}}],"collection":[{"href":"https:\/\/jobcenter.lra-sm.de\/index.php?rest_route=\/wp\/v2\/pages"}],"about":[{"href":"https:\/\/jobcenter.lra-sm.de\/index.php?rest_route=\/wp\/v2\/types\/page"}],"author":[{"embeddable":true,"href":"https:\/\/jobcenter.lra-sm.de\/index.php?rest_route=\/wp\/v2\/users\/5"}],"replies":[{"embeddable":true,"href":"https:\/\/jobcenter.lra-sm.de\/index.php?rest_route=%2Fwp%2Fv2%2Fcomments&post=3341"}],"version-history":[{"count":3,"href":"https:\/\/jobcenter.lra-sm.de\/index.php?rest_route=\/wp\/v2\/pages\/3341\/revisions"}],"predecessor-version":[{"id":6513,"href":"https:\/\/jobcenter.lra-sm.de\/index.php?rest_route=\/wp\/v2\/pages\/3341\/revisions\/6513"}],"up":[{"embeddable":true,"href":"https:\/\/jobcenter.lra-sm.de\/index.php?rest_route=\/wp\/v2\/pages\/3333"}],"wp:attachment":[{"href":"https:\/\/jobcenter.lra-sm.de\/index.php?rest_route=%2Fwp%2Fv2%2Fmedia&parent=3341"}],"curies":[{"name":"wp","href":"https:\/\/api.w.org\/{rel}","templated":true}]}}