{"id":261,"date":"2026-02-16T03:00:50","date_gmt":"2026-02-16T03:00:50","guid":{"rendered":"http:\/\/www.lra-sm.de\/jobcenter\/?page_id=261"},"modified":"2026-02-16T10:48:53","modified_gmt":"2026-02-16T10:48:53","slug":"fuer-arbeitgeber","status":"publish","type":"page","link":"https:\/\/jobcenter.lra-sm.de\/?page_id=261","title":{"rendered":"F\u00fcr Arbeitgeber"},"content":{"rendered":"<p><strong>Chancen f\u00fcr den \u201enicht perfekten Lebenslauf\u201c<\/strong><\/p>\r\n<p>Sie als regionaler Arbeitgeber sind unser Partner. &#8211; Wir, die Mitarbeiter des Arbeitgeberservice, sind nah an ihrem Betrieb dran. Im st\u00e4ndigen Dialog mit Ihnen loten wir Ihren \u00a0aktuellen Arbeitskr\u00e4ftebedarf aus und erfahren von Ihren wirtschaftlichen Pl\u00e4nen f\u00fcr die Zukunft. Wir kommen zusammen, wenn es darum geht, f\u00fcr Ihren Betrieb einen passenden Mitarbeiter zu finden oder eine arbeitsplatzbezogene Qualifizierung zu vereinbaren.<\/p>\r\n<p>Sie wissen, das ist oftmals nicht einfach.<\/p>\r\n<p>Es w\u00e4re Ihnen gegen\u00fcber unfair \u00a0zu sagen, wir k\u00f6nnen Ihrem Arbeitskr\u00e4ftebedarf problemlos Abhilfe schaffen. Ob Helfer oder Fachkr\u00e4fte, der Vermittlung eines \u00a0arbeitslosen Menschen geht oft eine gro\u00dfe Anstrengung voraus. Unumstritten gestehen wir ein, dass etliche Frauen und M\u00e4nner, die ohne Arbeit sind und in unserem Haus angeleitet und betreut werden, keinen perfekten Lebenslauf vorweisen k\u00f6nnen. Der eine oder andere traut sich das Arbeiten vielleicht auch gar nicht mehr zu und resigniert, bevor er mit Ihnen ins Gespr\u00e4ch kommt.<\/p>\r\n<p>Doch: Wir k\u00f6nnen auf Erfolge blicken, die Sie und uns stolz machen. Gemeinsam haben wir \u00a0Menschen in Lohn und Brot gebracht, die uns letztlich mit ihrem Mut, ihrer Kraft und ihrer Disziplin \u00fcberraschten. Auch wenn mancher Anfang holprig und schwer war, entwickelten sie sich zu einem verl\u00e4sslichen oder leistungsstarken Mitarbeiter, der aus Ihrem Unternehmen nicht mehr wegzudenken ist.<\/p>\r\n<p>Lassen Sie uns darauf aufbauen!<\/p>\r\n<div id=\"attachment_1354\" style=\"width: 614px\" class=\"wp-caption aligncenter\"><a href=\"https:\/\/jobcenter.lra-sm.de\/wp-content\/uploads\/2016\/09\/mtkt_Tour-Landrat_Nobra_01.jpg\"><img loading=\"lazy\" decoding=\"async\" aria-describedby=\"caption-attachment-1354\" class=\"wp-image-1354 size-large\" src=\"https:\/\/jobcenter.lra-sm.de\/wp-content\/uploads\/2016\/09\/mtkt_Tour-Landrat_Nobra_01-1024x715.jpg\" alt=\"Ein Foto mit Symbolcharakter: In der Firma Nobra GmbH werden durch Edelmetall-Recycling aus industriellen R\u00fcckst\u00e4nden wertvolle Stoffe f\u00fcr eine erneute Verwendung zug\u00e4nglich gemacht. Unternehmen-Tour von Landrat Peter Heimrich. Nobra GmbH Rippershausen.\" width=\"604\" height=\"422\" srcset=\"https:\/\/jobcenter.lra-sm.de\/wp-content\/uploads\/2016\/09\/mtkt_Tour-Landrat_Nobra_01-1024x715.jpg 1024w, https:\/\/jobcenter.lra-sm.de\/wp-content\/uploads\/2016\/09\/mtkt_Tour-Landrat_Nobra_01-300x209.jpg 300w, https:\/\/jobcenter.lra-sm.de\/wp-content\/uploads\/2016\/09\/mtkt_Tour-Landrat_Nobra_01-768x536.jpg 768w\" sizes=\"(max-width: 604px) 100vw, 604px\" \/><\/a><p id=\"caption-attachment-1354\" class=\"wp-caption-text\">Ein Foto mit Symbolcharakter: In der Firma Nobra GmbH werden wertvolle Edelmetallstoffe f\u00fcr eine erneute Verwendung zug\u00e4nglich gemacht. Unternehmen-Tour von Landrat Peter Heimrich. Nobra GmbH Rippershausen. Foto: LRA<\/p><\/div>\r\n<p><strong>Unser Angebot f\u00fcr Unternehmen im \u00dcberblick<\/strong><\/p>\r\n<div id=\"attachment_820\" style=\"width: 310px\" class=\"wp-caption alignright\"><a href=\"https:\/\/jobcenter.lra-sm.de\/wp-content\/uploads\/2016\/06\/DSC_0078.jpg\"><img loading=\"lazy\" decoding=\"async\" aria-describedby=\"caption-attachment-820\" class=\"size-medium wp-image-820\" src=\"https:\/\/jobcenter.lra-sm.de\/wp-content\/uploads\/2016\/06\/DSC_0078-300x200.jpg\" alt=\"Foto: LRA\" width=\"300\" height=\"200\" srcset=\"https:\/\/jobcenter.lra-sm.de\/wp-content\/uploads\/2016\/06\/DSC_0078-300x200.jpg 300w, https:\/\/jobcenter.lra-sm.de\/wp-content\/uploads\/2016\/06\/DSC_0078-768x512.jpg 768w, https:\/\/jobcenter.lra-sm.de\/wp-content\/uploads\/2016\/06\/DSC_0078-1024x683.jpg 1024w\" sizes=\"(max-width: 300px) 100vw, 300px\" \/><\/a><p id=\"caption-attachment-820\" class=\"wp-caption-text\">Foto: LRA<\/p><\/div>\r\n<ul>\r\n<li>pers\u00f6nlicher Ansprechpartner f\u00fcr Ihr Unternehmen<\/li>\r\n<li><strong><a href=\"https:\/\/jobcenter.lra-sm.de\/?page_id=271\">Stellenvermittlung<\/a><u><u>\u00a0<\/u><\/u><\/strong><\/li>\r\n<li>auf Wunsch Vorauswahl potentieller Bewerber\/innen<\/li>\r\n<li>Beratung zu Eingliederungszusch\u00fcssen<\/li>\r\n<li>Unterst\u00fctzung bei arbeitsplatzbezogener Qualifizierung vor Einstellung<\/li>\r\n<\/ul>\r\n<div  class=\"mp-row-fluid motopress-row\">\n\r\n<p>&nbsp;<\/p>\r\n<div class=\"mp-span10 motopress-clmn\">\n\r\n<p>&nbsp;<\/p>\r\n\r\n<p><div class=\"motopress-accordion-obj motopress-accordion\" id=\"69e1714fcbe4e\"><\/p>\r\n\r\n<p>&nbsp;<\/p>\r\n<div class=\"motopress-accordion-item\">\n<h3>Informationen nach der DSGVO<\/h3>\n<div>\n\r\n<p>&nbsp;<\/p>\r\n\r\n<p><a href=\"https:\/\/jobcenter.lra-sm.de\/wp-content\/uploads\/2026\/02\/Vorlage-Infopflicht-Art.-13-und-14-DSGVO.pdf\" download=\"\">Informationen nach der DSGVO<\/a><\/p>\r\n\r\n<p>&nbsp;<\/p>\r\n\r\n<p><\/div><\/div><\/p>\r\n\r\n<p>&nbsp;<\/p>\r\n\r\n<p><p class=\"motopress-hide-script\"><script type=\"text\/javascript\">\r\n                jQuery(document).ready(function($) {\r\n                    var mpAccordion = $(\".motopress-accordion-obj#69e1714fcbe4e\");\r\n                    if (mpAccordion.data(\"uiAccordion\")) {\r\n                        mpAccordion.accordion(\"destroy\");\r\n                    }\r\n                    mpAccordion.accordion({\r\n                        active: false,\r\n                        collapsible: true,\r\n                        header: \"> div > h3\",\r\n                        heightStyle: \"content\"\r\n                    });\r\n                });\r\n                <\/script><\/p><\/div><br \/><\/div><br \/><\/div><\/p>\r\n","protected":false},"excerpt":{"rendered":"Chancen f\u00fcr den \u201enicht perfekten Lebenslauf\u201c Sie als regionaler Arbeitgeber sind unser Partner. &#8211; Wir, die Mitarbeiter des Arbeitgeberservice, sind nah an ihrem Betrieb dran. Im st\u00e4ndigen Dialog mit Ihnen loten wir Ihren \u00a0aktuellen Arbeitskr\u00e4ftebedarf aus und erfahren von Ihren wirtschaftlichen Pl\u00e4nen f\u00fcr die Zukunft. Wir kommen zusammen, wenn es darum geht, f\u00fcr Ihren Betrieb [&hellip;]","protected":false},"author":4,"featured_media":0,"parent":0,"menu_order":0,"comment_status":"closed","ping_status":"closed","template":"","meta":{"_et_pb_use_builder":"off","_et_pb_old_content":"","_et_gb_content_width":"","footnotes":""},"class_list":["post-261","page","type-page","status-publish","hentry"],"_links":{"self":[{"href":"https:\/\/jobcenter.lra-sm.de\/index.php?rest_route=\/wp\/v2\/pages\/261","targetHints":{"allow":["GET"]}}],"collection":[{"href":"https:\/\/jobcenter.lra-sm.de\/index.php?rest_route=\/wp\/v2\/pages"}],"about":[{"href":"https:\/\/jobcenter.lra-sm.de\/index.php?rest_route=\/wp\/v2\/types\/page"}],"author":[{"embeddable":true,"href":"https:\/\/jobcenter.lra-sm.de\/index.php?rest_route=\/wp\/v2\/users\/4"}],"replies":[{"embeddable":true,"href":"https:\/\/jobcenter.lra-sm.de\/index.php?rest_route=%2Fwp%2Fv2%2Fcomments&post=261"}],"version-history":[{"count":8,"href":"https:\/\/jobcenter.lra-sm.de\/index.php?rest_route=\/wp\/v2\/pages\/261\/revisions"}],"predecessor-version":[{"id":6594,"href":"https:\/\/jobcenter.lra-sm.de\/index.php?rest_route=\/wp\/v2\/pages\/261\/revisions\/6594"}],"wp:attachment":[{"href":"https:\/\/jobcenter.lra-sm.de\/index.php?rest_route=%2Fwp%2Fv2%2Fmedia&parent=261"}],"curies":[{"name":"wp","href":"https:\/\/api.w.org\/{rel}","templated":true}]}}