{"id":250,"date":"2026-02-16T03:00:18","date_gmt":"2026-02-16T03:00:18","guid":{"rendered":"http:\/\/www.lra-sm.de\/jobcenter\/?page_id=250"},"modified":"2026-02-16T10:18:37","modified_gmt":"2026-02-16T10:18:37","slug":"bildung-und-teilhabe","status":"publish","type":"page","link":"https:\/\/jobcenter.lra-sm.de\/?page_id=250","title":{"rendered":"Bildung und Teilhabe (BuT)"},"content":{"rendered":"<div id=\"attachment_5192\" style=\"width: 147px\" class=\"wp-caption alignright\"><a href=\"https:\/\/jobcenter.lra-sm.de\/wp-content\/uploads\/2021\/10\/Muster-Flyer-BuT-Stand-06.10.2021-mit-Aenderung-LF-ab-01.07.21.pdf\" download=\"\"><img loading=\"lazy\" decoding=\"async\" aria-describedby=\"caption-attachment-5192\" class=\"wp-image-5192 size-medium\" src=\"https:\/\/jobcenter.lra-sm.de\/wp-content\/uploads\/2021\/08\/Flyer-BuT-137x300.jpg\" alt=\"\" width=\"137\" height=\"300\" data-wp-editing=\"1\" srcset=\"https:\/\/jobcenter.lra-sm.de\/wp-content\/uploads\/2021\/08\/Flyer-BuT-137x300.jpg 137w, https:\/\/jobcenter.lra-sm.de\/wp-content\/uploads\/2021\/08\/Flyer-BuT.jpg 282w\" sizes=\"(max-width: 137px) 100vw, 137px\" \/><\/a><p id=\"caption-attachment-5192\" class=\"wp-caption-text\">Flyer Bildung und Teilhabe im Landkreis Schmalkalden-Meiningen<\/p><\/div>\n<h2><span style=\"color: #008000;\">Wenn Kinder und Jugendliche W\u00fcnsche haben &#8211; Das Bildungs- und Teilhabepaket kann helfen!<\/span><\/h2>\n<p>Viele Eltern kennen die Situation, dass ihr Kind W\u00fcnsche hat, die sie unmittelbar nicht erf\u00fcllen k\u00f6nnen. Ob es der Beitritt zum Verein ist, der Kinobesuch mit Freunden, die Tagesfahrt mit der Klasse \u2013 vielen Familien ist es nicht m\u00f6glich, diese zus\u00e4tzlichen Kosten aufzubringen und ihren Kindern die soziale Teilhabe unmittelbar zu erm\u00f6glichen. In der Konsequenz bleibt der Wunsch des Kindes nicht selten unerf\u00fcllt. Aber das muss nicht sein. Sobald eine Sozialleistung bezogen wird, sei es Wohngeld, der Kinderzuschlag, B\u00fcrgergeld, Leistungen nach dem Asylbewerberleistungsgesetz (AsylbLG) oder Leistungen nach dem SGB XII ist auch der Zugang zu den Leistungen aus dem Bildungs- und Teilhabepaket offen.<\/p>\n<p style=\"text-align: left;\"><strong><span style=\"color: #008000;\">Was daf\u00fcr getan werden muss?<br \/>\n<\/span> <\/strong>Im Grunde nicht viel. Lediglich der Globalantrag und die entsprechende Anlage zu der gew\u00fcnschten Leistung m\u00fcssen ausgef\u00fcllt und an das Landratsamt Schmalkalden-Meiningen, welches f\u00fcr die Bearbeitung und Auszahlung dieser Leistungen verantwortlich ist, geschickt werden. Dem Antrag f\u00fcgen Sie idealerweise einen Nachweis \u00fcber die bereits laufende Sozialleistung und ggf. ein Kostennachweis, soweit erforderlich, bei. Die vollst\u00e4ndige Vorlage der Unterlagen vermeidet das Nachfragen des Landratsamtes und beschleunigt die Bearbeitung.<\/p>\n<p>F\u00fcr Bezieher von B\u00fcrgergeld ist es sogar noch einfacher. Sie m\u00fcssen nur die jeweilige Anlage der gew\u00fcnschten Leistung ausf\u00fcllen, denn der Antrag auf Bildung und Teilhabe gilt mit dem Hauptantrag auf B\u00fcrgergeld bereits pauschal als gestellt. <a href=\"https:\/\/jobcenter.lra-sm.de\/wp-content\/uploads\/2021\/02\/Bildung-und-Teilhabe.jpg\"><img loading=\"lazy\" decoding=\"async\" class=\"alignleft size-medium wp-image-4301\" src=\"https:\/\/jobcenter.lra-sm.de\/wp-content\/uploads\/2021\/02\/Bildung-und-Teilhabe-300x169.jpg\" alt=\"Bildung-und-Teilhabe - Jobcenter\" width=\"300\" height=\"169\" srcset=\"https:\/\/jobcenter.lra-sm.de\/wp-content\/uploads\/2021\/02\/Bildung-und-Teilhabe-300x169.jpg 300w, https:\/\/jobcenter.lra-sm.de\/wp-content\/uploads\/2021\/02\/Bildung-und-Teilhabe.jpg 370w\" sizes=\"(max-width: 300px) 100vw, 300px\" \/><\/a><\/p>\n<p><strong>Wir haben nachfolgend die notwendigen Unterlagen kurz und kompakt f\u00fcr Sie zusammengestellt.<\/strong><\/p>\n<p><strong><span style=\"color: #008000;\">1. Wer kann Leistungen aus dem Bildungs- und Teilhabepaket beantragen? <\/span><\/strong><\/p>\n<p><strong><span style=\"color: #008000;\">Die Voraussetzungen:<\/span><\/strong> 1. im Regelfall Bezug einer Sozialleistung (B\u00fcrgergeld, Wohngeld, KIZ, Leistungen nach dem SGB XII oder AsylbLG) 2. bis zur Vollendung des 25. Lebensjahres, die eine allgemein- oder berufsbildende Schule besuchen und hierf\u00fcr keine Ausbildungsverg\u00fctung erhalten (ACHTUNG! Es gibt eine Ausnahme: Die Leistungen zur sozialen Teilhabe sind nur bis Vollendung des 18. Lebensjahres m\u00f6glich.)<\/p>\n<p><strong><span style=\"color: #008000;\">2. Und welche Leistungen gibt es \u00fcberhaupt?<\/span> <\/strong><em>Hinweis<\/em>: Mit einem Klick auf die jeweilige Leistung erhalten Sie weiterf\u00fchrende Informationen.<\/p>\n<ul>\n<li>das<a href=\"https:\/\/jobcenter.lra-sm.de\/wp-content\/uploads\/2023\/06\/Anlage-1-Mittagessen-Stand-22.05.2023.pdf\" download=\"\"> gemeinschaftliche Mittagessen in der Kita oder Schule<\/a><\/li>\n<li><a href=\"https:\/\/jobcenter.lra-sm.de\/wp-content\/uploads\/2021\/08\/Informationsblatt-Schulbedarf-Stand-25.05.21.pdf\" download=\"\">pers\u00f6nlicher Schulbedarf<\/a><\/li>\n<li><a href=\"https:\/\/jobcenter.lra-sm.de\/wp-content\/uploads\/2023\/06\/Anlage-2-soziale-Teilhabe-Stand-22.05.2023.pdf\" download=\"\">die soziale Teilhabe &#8211; Kultur, Sport, Mitmachen<\/a><\/li>\n<li><a href=\"https:\/\/jobcenter.lra-sm.de\/wp-content\/uploads\/2023\/06\/Anlage-4-Lernfoerderung-11.05.2023.pdf\" download=\"\">die Lernf\u00f6rderung<\/a><\/li>\n<li><a href=\"https:\/\/jobcenter.lra-sm.de\/wp-content\/uploads\/2024\/10\/Anlage-3-BUT_-Ausflug_Klassenfahrt-Stand-21.10.2024-1.pdf\" download=\"\">Ausfl\u00fcge und Klassenfahrten<\/a><\/li>\n<li><a href=\"https:\/\/jobcenter.lra-sm.de\/wp-content\/uploads\/2023\/06\/Anlage-5-Schuelerbefoerderung-Stand-22.05.2023.pdf\" download=\"\">die Sch\u00fclerbef\u00f6rderung<\/a><\/li>\n<\/ul>\n<p><strong><span style=\"color: #008000;\">3. Und wie erhalte ich eine oder auch mehrere dieser Leistungen?<\/span><\/strong><\/p>\n<ul>\n<li>Ich \u00f6ffne den entsprechenden Vordruck (siehe n\u00e4chster Absatz), f\u00fclle diesen vollst\u00e4ndig aus und unterschreibe ihn.<\/li>\n<li>Ich f\u00fcge einen Nachweis meiner Sozialleistung (i.d.R. der vollst\u00e4ndige aktuelle Bewilligungsbescheid) bei.<\/li>\n<li>Ich f\u00fcge einen Kostennachweis bei, insofern dies gefordert wird (z.B. Vereinsbeitrag, Kosten f\u00fcr Klassenfahrt, Kosten f\u00fcr Nachhilfeunterricht)<\/li>\n<li>Ich sende alles zusammen an das Landratsamt Schmalkalden-Meiningen.<\/li>\n<\/ul>\n<p><strong><span style=\"color: #008000;\">Nun stellt sich eventuell die Frage, welcher Vordruck denn \u00fcberhaupt zu welcher Leistung geh\u00f6rt?<\/span><\/strong><\/p>\n<p>Die Antwort finden Sie nachfolgend:<\/p>\n<p>Sie beziehen Wohngeld, Kinderzuschlag oder Leistungen nach dem Asylbewerberleistungsgesetz?<br \/>\nDann verwenden Sie bitte diesen <a href=\"https:\/\/jobcenter.lra-sm.de\/wp-content\/uploads\/2025\/09\/Globalantrag-WoGe-KiZ-Stand-28.09.2025.pdf\" download=\"\"><strong>Globalantrag<\/strong><\/a> , um sich Ihren Anspruch auf Leistungen aus dem Bildungs- und Teilhabepaket vollumf\u00e4nglich zu sichern. Bitte beachten Sie jedoch unbedingt, dass eine Bearbeitung des Globalantrages nur erfolgt, wenn Sie .<br \/>\n<strong>a.)<\/strong> die jeweilige Anlage, z.B. f\u00fcr gemeinschaftliches Mittagessen ausf\u00fcllen und damit Ihren Bedarf konkretisieren,<br \/>\n<strong>b.)<\/strong> den entsprechenden Wohngeldbescheid bzw. Bescheid \u00fcber den Kinderzuschlag oder den Bezug von Asylleistungen vorlegen.<\/p>\n<p><span style=\"color: #000000;\"><strong><em>HINWEIS<\/em><\/strong>: Diesen Antrag brauchen Sie <strong><u>NICHT<\/u> auszuf\u00fcllen<\/strong>, wenn Sie <b>B\u00fcrgergeld<\/b> beziehen, denn dann haben Sie die Leistungen bereits mit Ihrem B\u00fcrgergeld-Antrag beantragt.<\/span><a href=\"https:\/\/jobcenter.lra-sm.de\/wp-content\/uploads\/2020\/03\/salat_tookapic-auf-Pixabay-e1583486843626.jpg\"><img loading=\"lazy\" decoding=\"async\" class=\"size-medium wp-image-3312 alignright\" src=\"https:\/\/jobcenter.lra-sm.de\/wp-content\/uploads\/2020\/03\/salat_tookapic-auf-Pixabay-300x200.jpg\" alt=\"\" width=\"300\" height=\"200\" \/><\/a><br \/>\n_______________<\/p>\n<p>Nachfolgend werden die Anlagen farbig aufgef\u00fchrt, mittels derer Sie Ihren Bedarf konkretisieren:<\/p>\n<ol>\n<li>Ihr Kind nimmt in der Kita oder Schule am <span style=\"color: #008000;\"><strong>gemeinschaftlichen Mittagessen<\/strong><\/span> teil bzw. Sie m\u00f6chten es daf\u00fcr anmelden? F\u00fcllen Sie diese <a href=\"https:\/\/jobcenter.lra-sm.de\/wp-content\/uploads\/2023\/06\/Anlage-1-Mittagessen-Stand-22.05.2023.pdf\" download=\"\"><strong>Anlage<\/strong> <\/a>aus, dann kann das Mittagessen f\u00fcr Ihr Kind bezahlt werden.<br \/>\n_______________<\/li>\n<li>Ihr Kind hat das 18. Lebensjahr noch nicht vollendet und m\u00f6chte gern in einen <span style=\"color: #008000;\"><strong>Verein<\/strong><\/span> eintreten oder anderweitig soziale Teilhabe (z.B. ein Kinobesuch mit Freunden) erfahren? Daf\u00fcr gibt es pro Monat einen pauschalen Zuschuss in H\u00f6he von 15,- \u20ac, wenn Sie diese <a href=\"https:\/\/jobcenter.lra-sm.de\/wp-content\/uploads\/2023\/06\/Anlage-2-soziale-Teilhabe-Stand-22.05.2023.pdf\" download=\"\"><strong>Anlage<\/strong><\/a> ausf\u00fcllen und einen Nachweis \u00fcber die Teilnahme beif\u00fcgen.<br \/>\n_______________<\/li>\n<li>Ihr Kind ben\u00f6tigt <span style=\"color: #008000;\"><strong>Nachhilfe<\/strong><\/span> in bestimmten F\u00e4chern, ist vielleicht sogar versetzungsgef\u00e4hrdet? Dann f\u00fcllen Sie diese <a href=\"https:\/\/jobcenter.lra-sm.de\/wp-content\/uploads\/2023\/06\/Anlage-4-Lernfoerderung-11.05.2023.pdf\" download=\"\"><strong>Anlage<\/strong><\/a> aus. <strong>Wichtig<\/strong> ist, dass Sie der Anlage gleich ein <u>Angebot f\u00fcr Nachhilfeunterricht<\/u> und eine <u>fachliche Stellungnahme der Schule<\/u> beif\u00fcgen. F\u00fcr die Stellungnahme durch die Schule nutzen Sie ebenfalls die Anlage, die Seiten 3 + 4 der Anlage sind hierf\u00fcr vorgesehen.<br \/>\n_______________<\/li>\n<li>Ihr Kind ben\u00f6tigt Materialien wie Stifte, Hefte f\u00fcr die Schule? Daf\u00fcr gib es den <span style=\"color: #008000;\"><strong>pers\u00f6nlichen Schulbedarf<\/strong><\/span>, der 2x j\u00e4hrlich als Pauschale ausgezahlt wird. F\u00fcr Bezieher von B\u00fcrgergeld wird der Schulbedarf zum 01. Februar und 01. August jeden Jahres automatisch ausgezahlt. Bezieher von Wohngeld, Kinderzuschlag, SGB XII-Leistungen und Leistungen nach dem AsylbLG beantragen den Schulbedarf \u00fcber den <a href=\"https:\/\/jobcenter.lra-sm.de\/wp-content\/uploads\/2025\/01\/Globalantrag-WoGe-KiZ-Stand-28.01.2025.pdf\" download=\"\"><strong>Globalantrag<\/strong><\/a><\/li>\n<li>Es steht ein <span style=\"color: #008000;\"><strong>Ausflug<\/strong><\/span> oder eine <span style=\"color: #008000;\"><strong>Klassenfahrt<\/strong><\/span> an? Dann f\u00fcllen Sie bitte diese <a href=\"https:\/\/jobcenter.lra-sm.de\/wp-content\/uploads\/2024\/10\/Anlage-3-BUT_-Ausflug_Klassenfahrt-Stand-21.10.2024-1.pdf\" download=\"\"><strong>Anlage<\/strong><\/a> aus und reichen Sie zusammen mit dem Kostenangebot der Kita bzw. Schule bei uns ein.<br \/>\n________________<\/li>\n<li>Ihr Kind muss <span style=\"color: #008000;\"><strong>mit dem Bus zur Schule<\/strong><\/span> fahren und die <span style=\"color: #008000;\"><strong>Kosten<\/strong><\/span> werden nicht anderweitig \u00fcbernommen? F\u00fcllen Sie diese <a href=\"https:\/\/jobcenter.lra-sm.de\/wp-content\/uploads\/2023\/12\/Anlage-5-Schuelerbefoerderung-Stand-29.09.2023.pdf\" download=\"\"><strong>Anlage<\/strong><\/a> aus, f\u00fcgen Sie entsprechende Kostennachweise bei und lassen Sie die \u00dcbernahmem\u00f6glichkeit der anfallenden Kosten \u00fcber das Bildungs- und Teilhabepaket pr\u00fcfen.<\/li>\n<\/ol>\n<h6><\/h6>\n<h6><strong><span style=\"color: #008000;\">Und wenn Sie jetzt noch Fragen haben<\/span><\/strong><\/h6>\n<p>zu unseren Leistungen, dem Antragsverfahren oder den erforderlichen Kostennachweisen, dann stehen wir Ihnen nat\u00fcrlich gern beratend zur Seite. Rufen Sie uns an oder schreiben Sie uns eine E-Mail \u2013 wir informieren Sie gerne zu den Leistungen aus dem Bildungs- und Teilhabepaket.<\/p>\n<p><strong>Landratsamt Schmalkalden-Meiningen<br \/>\n<\/strong><strong>Bildung und Teilhabe<br \/>\n<\/strong><strong>Obertsh\u00e4user Platz 1<br \/>\n<\/strong><strong>98617 Meiningen<br \/>\n<\/strong><strong>Tel.: 03693 485 8444<br \/>\n<\/strong><strong>Email: servicestelle_jobcenter@lra-sm.de<\/strong><\/p>\n<p>&nbsp;<\/p>\n<div  class=\"mp-row-fluid motopress-row\"><\/div>\n<div class=\"mp-span10 motopress-clmn\">\n<div class=\"motopress-accordion-obj motopress-accordion\" id=\"69d62e6950c73\">\n<p><a href=\"https:\/\/jobcenter.lra-sm.de\/wp-content\/uploads\/2020\/10\/Einwilligung-E-Mail-Kommunikation.pdf\" download=\"=\"><strong>Einwilligung<\/strong><\/a> zur Nutzung der E-Mail-Kommunikation mit dem Kommunalen Jobcenter<br \/>\n[\/mp_accordion_item]<\/p>\n<div class=\"motopress-accordion-item\">\n<h3>Informationen \/ N\u00fctzliche Links<\/h3>\n<div>\n<p><a href=\"https:\/\/www.bmas.de\/DE\/Arbeit\/Grundsicherung-Arbeitslosengeld-II\/Bildungspaket\/bildungspaket.html\" target=\"_blank\" rel=\"noopener noreferrer\">Bildungspaket &#8211; Link Bundesministerium f\u00fcr Arbeit und Soziales<\/a><\/p>\n<\/div>\n<\/div>\n<p>[\/mp_accordion_item]<\/p>\n<div class=\"motopress-accordion-item\">\n<h3>Informationen nach der DSGVO<\/h3>\n<div>\n<p><a href=\"https:\/\/jobcenter.lra-sm.de\/wp-content\/uploads\/2026\/02\/Vorlage-Infopflicht-Art.-13-und-14-DSGVO.pdf\" download=\"\">Informationen nach der DSGVO<\/a><\/p>\n<\/div>\n<\/div>\n<p class=\"motopress-hide-script\"><script type=\"text\/javascript\">\n                jQuery(document).ready(function($) {\n                    var mpAccordion = $(\".motopress-accordion-obj#69d62e6950c73\");\n                    if (mpAccordion.data(\"uiAccordion\")) {\n                        mpAccordion.accordion(\"destroy\");\n                    }\n                    mpAccordion.accordion({\n                        active: false,\n                        collapsible: true,\n                        header: \"> div > h3\",\n                        heightStyle: \"content\"\n                    });\n                });\n                <\/script><\/p>\n<\/div>\n<\/div>\n","protected":false},"excerpt":{"rendered":"Wenn Kinder und Jugendliche W\u00fcnsche haben &#8211; Das Bildungs- und Teilhabepaket kann helfen! Viele Eltern kennen die Situation, dass ihr Kind W\u00fcnsche hat, die sie unmittelbar nicht erf\u00fcllen k\u00f6nnen. Ob es der Beitritt zum Verein ist, der Kinobesuch mit Freunden, die Tagesfahrt mit der Klasse \u2013 vielen Familien ist es nicht m\u00f6glich, diese zus\u00e4tzlichen Kosten [&hellip;]","protected":false},"author":4,"featured_media":0,"parent":0,"menu_order":0,"comment_status":"closed","ping_status":"closed","template":"","meta":{"_et_pb_use_builder":"off","_et_pb_old_content":"","_et_gb_content_width":"","footnotes":""},"class_list":["post-250","page","type-page","status-publish","hentry"],"_links":{"self":[{"href":"https:\/\/jobcenter.lra-sm.de\/index.php?rest_route=\/wp\/v2\/pages\/250","targetHints":{"allow":["GET"]}}],"collection":[{"href":"https:\/\/jobcenter.lra-sm.de\/index.php?rest_route=\/wp\/v2\/pages"}],"about":[{"href":"https:\/\/jobcenter.lra-sm.de\/index.php?rest_route=\/wp\/v2\/types\/page"}],"author":[{"embeddable":true,"href":"https:\/\/jobcenter.lra-sm.de\/index.php?rest_route=\/wp\/v2\/users\/4"}],"replies":[{"embeddable":true,"href":"https:\/\/jobcenter.lra-sm.de\/index.php?rest_route=%2Fwp%2Fv2%2Fcomments&post=250"}],"version-history":[{"count":65,"href":"https:\/\/jobcenter.lra-sm.de\/index.php?rest_route=\/wp\/v2\/pages\/250\/revisions"}],"predecessor-version":[{"id":6578,"href":"https:\/\/jobcenter.lra-sm.de\/index.php?rest_route=\/wp\/v2\/pages\/250\/revisions\/6578"}],"wp:attachment":[{"href":"https:\/\/jobcenter.lra-sm.de\/index.php?rest_route=%2Fwp%2Fv2%2Fmedia&parent=250"}],"curies":[{"name":"wp","href":"https:\/\/api.w.org\/{rel}","templated":true}]}}